be 1*(-11)/(-2)*2. Let f be b(s). Suppose 2*g = 2*w - 110, w + 5*g = -f + 70. Calculate the remainder when w is divided by 14.
12
Suppose -134*k + 250794 = 77264. What is the remainder when k is divided by 9?
8
Let b = 817 - 808. Let f be -2 + (-2 + 1)*1. What is the remainder when (-18)/4*22/f is divided by b?
6
Calculate the remainder when (1 + (-390)/(-4))/(91/546) is divided by 15.
6
Suppose 17*v + 3 = -31. Calculate the remainder when 37 is divided by (-651)/(-42) + (-1)/v.
5
Let t(w) = w - 14. Let u(f) = -f + 1. Let q(n) = -t(n) - 5*u(n). Let x = -57 - -66. Calculate the remainder when q(6) is divided by x.
6
Suppose -146*y = -147*y - 4, -2*y - 984 = -4*l. Calculate the remainder when 728 is divided by l.
240
Let x = 87 + -51. Suppose 2*u = -2*l + 60, -u + x = -2*l - 3*l. Suppose -2*n = -0*n - 120. What is the remainder when n is divided by u?
29
Let a(b) = -b**2 + 29*b - 129. Let g be a(13). Let i = g + -7. Calculate the remainder when i is divided by 15.
12
Suppose -18*p - 6888 = -24*p - 78*p. Calculate the remainder when 428 is divided by p.
18
Suppose -5*p = -4*r - 88, -6*p + 8 = -4*p. Let h = 27 + r. What is the remainder when -404*(-1)/h + (-6)/15 is divided by 6?
4
Let n = 451 + -322. Let l(v) = 2*v**3 + 11*v**2 - 39*v - 38. What is the remainder when n is divided by l(-1)?
9
Suppose 8*t - 20 = 13*t. Let k(u) = -2*u**3 - 5*u**2 + 3*u - 2. Let d(r) = -r + 13. Calculate the remainder when k(t) is divided by d(6).
6
Let a(g) = g**2 + 9*g - 9. Let h be a(0). Let k(r) = r**2 - 15*r - 143. Let c = 7 - -12. What is the remainder when k(h) is divided by c?
16
Let l be (-36)/8*-1*8/3. Let h = 15 + -10. Let v = l - h. Calculate the remainder when v is divided by 3.
1
Let m(t) = -17 + 73*t**2 - 15 + 32 - 2*t. Calculate the remainder when m(1) is divided by ((-24)/(-10))/(1/10).
23
Suppose 4*i = 3 + 13. Suppose 0 = -3*p - 5*f, f = -2*p - f + i. Suppose -27 = -p*k + 28. Calculate the remainder when k is divided by 3.
2
What is the remainder when 170/(1 + -7 + (-4 - -11)) is divided by 85?
0
Let y = -1947 - -2951. Calculate the remainder when y is divided by 84.
80
Let b = 5794 + -5127. Calculate the remainder when b is divided by 161.
23
Suppose 0 = 6*o - 3034 - 1904. Suppose -262 - o = -7*p. Calculate the remainder when p is divided by 80.
75
Let u(c) = c**3 - 6*c**2 + 12*c - 18. Let h = 91 + -86. Calculate the remainder when u(h) is divided by 16.
1
What is the remainder when (1*-201)/(444/(-296)) is divided by 20?
14
Suppose 28*h - 2*p = 27*h + 14, -5*p = 0. Suppose 1014 + 274 = h*s. Calculate the remainder when s is divided by 21.
8
Let k(t) = 10 - 49 - 3 + 22*t. Calculate the remainder when k(8) is divided by 45.
44
Let f(q) = q**3 - 103*q**2 - 312*q + 360. Calculate the remainder when f(106) is divided by 232.
68
Suppose -h = -8*r + 7*r + 8, -2*h = -5*r + 31. Suppose 59 = -5*j + v, -2 = -2*j - r*v - 4. What is the remainder when 30 is divided by (-3 + 5 + -3)*j + 0?
8
Suppose 440 = 6*l - 2*l. What is the remainder when -21 - (-20370)/(51 + -21) is divided by l?
108
Suppose -5*d = 5*g + 70, 7*g + 29 = -2*d + 4*g. Let f be (9/4)/((-2)/8). Let n = f - d. Calculate the remainder when 6 is divided by n.
2
Let t(s) = 11*s - 6. Let n be t(-14). Let k = -133 - n. Calculate the remainder when 267 is divided by k.
24
Suppose -11 = -3*j + 1. Let u = -197960 - -197962. What is the remainder when j is divided by u?
0
Let a(y) be the third derivative of 15*y**2 - 5/3*y**3 - 5/12*y**4 + 0*y + 0. Calculate the remainder when a(-4) is divided by 8.
6
Let w = 1385 + -1955. Let d = w - -583. What is the remainder when 337 is divided by d?
12
Let q(k) = -4*k - 17. Let m be q(-5). Let b be (35/14)/(m/(-4) - -2). Calculate the remainder when (405/(-30))/(b/(-12)) is divided by 21.
18
Let k(q) = -5*q**3 + 61*q**2 - 4*q - 8. What is the remainder when k(11) is divided by 113?
109
Let c(t) = -36*t - 4034. Calculate the remainder when 102 is divided by c(-113).
0
Suppose 0 = 17*l + 18 - 2415. Suppose 0 = -21*w + 24*w - l. What is the remainder when w is divided by 34?
13
Suppose -2*m + 362 = -4*t, 178 = m + t - 2*t. Let q = -160 + m. What is the remainder when q is divided by 9?
6
Let r(g) = 4*g**2 - 14*g + 74. Let w be r(10). Let b = 336 - w. Calculate the remainder when 12 is divided by b.
0
Suppose -1197 = -3*b + c, 5*b + 184*c = 182*c + 2017. Calculate the remainder when b is divided by 162.
77
Let l(u) = -8*u**2 - 73*u - 6. Let m be l(-9). Suppose m*n = 4*h + 16, -n + 4*h - 3*h + 6 = 0. What is the remainder when (-2)/4 - (-61)/2 is divided by n?
6
Calculate the remainder when -1005*(4/((-120)/190) - -6) is divided by 110.
5
Suppose 3*z + 16*z = -22*z + 656. Suppose 2 = 2*k, 3*t = t - 2*k + 12. Suppose 20 = t*c - c. Calculate the remainder when z is divided by c.
1
Let g(k) = -k**2 + 14*k - 15. Let m = 30 - 21. Suppose 0 = 2*d - s - 32, -2*d - 5*s = -10*s - 24. What is the remainder when g(m) is divided by d?
13
Let v = 5406 - 5377. What is the remainder when 112 is divided by v?
25
Let f = -3603 + 3786. Calculate the remainder when 278 is divided by f.
95
Let v(d) = -13*d - 20. Suppose 2*i + 5 = -3. Let y = -187 + 311. What is the remainder when y is divided by v(i)?
28
Suppose 1807 = 149*l - 10*l. Suppose 0*t = -5*t + 20. Suppose -n = u - 78, 3*u + t*n - 223 = 14. What is the remainder when u is divided by l?
10
Let s = 429 - 424. Suppose s*d - 459 = -124. Calculate the remainder when 401 is divided by d.
66
Suppose -13*j + 266 = -358. Suppose 8 = 10*u - 6*u. Calculate the remainder when j is divided by (-2*5)/u*-2.
8
Let d = 220 + -209. Suppose 0*i + 40 = 4*i - 2*u, 3*i - 29 = 2*u. Let v = i - -74. Calculate the remainder when v is divided by d.
8
Let q(o) = -644*o - 2558. Let d(n) = -22*n. What is the remainder when d(-4) is divided by q(-4)?
16
What is the remainder when 25242/4 - (-1 - (-8)/16) is divided by 41?
38
What is the remainder when (9/(-6))/((-159)/174688) is divided by 97?
96
Suppose 0 = 4*a + 2*b - 8348, 9*a - 10*a + 2080 = -3*b. Calculate the remainder when a/(-28)*(2 + (-2 - 2)) is divided by 50.
49
Let n = 40 - 42. Let x be 24 + ((-8)/4)/n. Suppose -x = 5*d, 0*u + 43 = 4*u + 5*d. Calculate the remainder when 29 is divided by u.
12
Let v = -65 + -15. Let d = v + 98. What is the remainder when 59 is divided by d?
5
Let b = 144 - 127. Let v(u) = -26*u**3 + u**2 - 1. Let k = -54 + 53. Calculate the remainder when v(k) is divided by b.
9
What is the remainder when 84 is divided by (-3)/(-18) - (-6)/(324/531)?
4
Suppose -7*a + 12637 - 12413 = 0. What is the remainder when 381 is divided by a?
29
Let h be ((-44)/(-12) + -2)*9/3. Suppose -3*m = -h*r - 5, m - 13 + 0 = -4*r. Calculate the remainder when 35 is divided by r + 9 + -2 + 3 + -3.
8
Let y(n) = 11*n - 112. Let h = 320 - 287. What is the remainder when h is divided by y(11)?
6
Suppose j - 4*d - 17 = 18, 77 = 2*j - d. Let o = j + -29. Suppose 2*r - 3*u + o = 3, r - 3*u + 11 = 0. What is the remainder when 7 is divided by r?
3
Suppose 54*u - 74*u - 56 = -256. What is the remainder when 34 is divided by u?
4
Suppose 8233 = 20*a - 30267. Calculate the remainder when a is divided by 1923.
2
Let q = 6288 + -5845. Calculate the remainder when q is divided by 78.
53
Let m = 326 + -318. Let n be (-9)/3 + 0 + 9. Let v(j) = 2*j**2 - 4*j - 5. What is the remainder when v(n) is divided by m?
3
Suppose 17*r = 18*r - 42. Let o = -95 + 106. Calculate the remainder when r is divided by o.
9
Suppose -64*a + 69*a - k = 138, 5*k + 102 = 4*a. Suppose 16*u - 32 = 112. What is the remainder when a is divided by u?
1
Let q = -75 - -96. Let b = 1413 + -1338. What is the remainder when b is divided by q?
12
Suppose -3*p - 22 = -2*d, -d + 12 + 9 = -4*p. Suppose -c = c - 28. What is the remainder when (1 + 9/p)/(2/(-88)) is divided by c?
13
Let m be (-23)/(8/(16/(-2))). Let o = 29 - 9. What is the remainder when o is divided by (m/6 - 2)/(55/330)?
9
Let i = 93 - 3. Suppose g + 4*g = i. What is the remainder when 106 is divided by g?
16
Let q(r) = -2*r**3 - 28*r**2 + 187*r + 17. What is the remainder when 102 is divided by q(-19)?
28
Let j(v) = 61*v + 823. What is the remainder when 577 is divided by j(-13)?
7
Suppose 19 = -2*k - 45. Let q = k + 46. What is the remainder when 50 is divided by q?
8
Suppose -62*i +